{"id":10547,"date":"2026-02-13T16:26:43","date_gmt":"2026-02-13T15:26:43","guid":{"rendered":"https:\/\/nits-train.com\/?page_id=10547"},"modified":"2026-03-27T08:36:03","modified_gmt":"2026-03-27T07:36:03","slug":"a","status":"publish","type":"page","link":"https:\/\/nits-train.com\/nitspedia\/de-train\/de13\/a\/","title":{"rendered":"Augsburg"},"content":{"rendered":"\n<h2 class=\"wp-block-heading\">Augsburg<\/h2>\n\n\n\n<h3 class=\"wp-block-heading\">\u30a2\u30a6\u30b0\u30b9\u30d6\u30eb\u30b0\u5e02\u96fb<\/h3>\n\n\n\n<div class=\"wp-block-columns is-layout-flex wp-container-core-columns-is-layout-28f84493 wp-block-columns-is-layout-flex\">\n<div class=\"wp-block-column is-layout-flow wp-block-column-is-layout-flow\" style=\"flex-basis:33.33%\">\n<figure class=\"wp-block-image size-large\"><img loading=\"lazy\" decoding=\"async\" width=\"1024\" height=\"683\" src=\"https:\/\/nits-train.com\/nitspedia\/wp-content\/uploads\/sites\/6\/2026\/03\/Com-5-1024x683.jpg\" alt=\"\" class=\"wp-image-11123\" srcset=\"https:\/\/nits-train.com\/nitspedia\/wp-content\/uploads\/sites\/6\/2026\/03\/Com-5-1024x683.jpg 1024w, https:\/\/nits-train.com\/nitspedia\/wp-content\/uploads\/sites\/6\/2026\/03\/Com-5-300x200.jpg 300w, https:\/\/nits-train.com\/nitspedia\/wp-content\/uploads\/sites\/6\/2026\/03\/Com-5-768x512.jpg 768w, https:\/\/nits-train.com\/nitspedia\/wp-content\/uploads\/sites\/6\/2026\/03\/Com-5-1536x1024.jpg 1536w, https:\/\/nits-train.com\/nitspedia\/wp-content\/uploads\/sites\/6\/2026\/03\/Com-5-2048x1365.jpg 2048w\" sizes=\"auto, (max-width: 1024px) 100vw, 1024px\" \/><\/figure>\n<\/div>\n\n\n\n<div class=\"wp-block-column is-layout-flow wp-block-column-is-layout-flow\" style=\"flex-basis:66.66%\">\n<p>\u958b\u696d:\u3000 1881\u5e745\u6708<br>\u7dcf\u8ddd\u96e2: 49,8km<br>\u8ecc\u9593:\u3000 1000mm<br>\u8def\u7dda\u6570: 7<\/p>\n\n\n\n<p>\u4e57\u964d:\u3000 \u30c9\u30a2\u306f\u30dc\u30bf\u30f3\u5f0f\u3002\u964d\u8eca\u30dc\u30bf\u30f3\u3042\u308a\u3002\u964d\u8eca\u8981\u671b\u306e\u7121\u3044\u505c\u7559\u6240\u306f\u901a\u904e\u3002<br>\u4e57\u8eca\u5238: \u505c\u7559\u6240\u306b\u5238\u58f2\u6a5f\u3042\u308a\u3002<\/p>\n\n\n\n<p>\u8eca\u4e21\u4ed8\u756a\u65b9\u6cd5: \u5f62\u5f0f\u3054\u3068\u306b\u4e0a\u308a\u9806<\/p>\n<\/div>\n<\/div>\n\n\n\n<div class=\"wp-block-aab-accordion-block aab__accordion_container  accessibilityOn\" style=\"margin-top:0px;margin-bottom:15px;border:1px solid #e3dfdf38\" id=\"aab_accordion_cd632541\" role=\"button\" aria-expanded=\"false\" tabindex=\"0\"><div class=\"aab__accordion_head aab_right_icon \" style=\"background-color:#e3dfdf38;border-top:none;border-right:none;border-bottom:none;border-left:none\"><div class=\"aab__accordion_heading aab_right_icon aab_right_link\"><div class=\"head_content_wrapper\"><div class=\"title_wrapper\"><h6 class=\"aab__accordion_title\" style=\"margin:0\">\u55b6\u696d\u8def\u7dda\u4e00\u89a7<\/h6><\/div><\/div><\/div><div class=\"aab__accordion_icon\" style=\"border:0px solid transparent\"><span class=\"aab__icon dashicons dashicons-plus-alt2\" style=\"font-size:23px\"><\/span><\/div><\/div><div class=\"aab__accordion_body  \" role=\"region\" style=\"display:none;border-top:1px solid #e3dfdf38;border-right:none;border-bottom:none;border-left:none\"><div class=\"aab__accordion_component\">\n<p>1: G\u00f6ggingen - K\u00f6nigsplatz - Rathausplatz - Lechhausen<br>2: Augsburg West - K\u00f6nigsplatz - Rotes Tor - Haunstetten Nord<br>3: Augsburg Hauptbahnhof - K\u00f6nigsplatz - Rotes Tor - K\u00f6nigsbrunn Zentrum<br>4: Augsburg Hauptbahnhof - K\u00f6nigsplatz - Wertachbr\u00fccke - Oberhausen Nord<br>6: Stadtbergen - Augsburg Hauptbahnhof - K\u00f6nigsplatz - Rotes Tor - Friedberg West<br>\u26bd: Augsburg Hauptbahnhof - K\u00f6nigsplatz - Rotes Tor - WWK Arena (\u30a4\u30d9\u30f3\u30c8\u81e8\u6642\u4fbf)<br>9: Augsburg Hauptbahnhof - K\u00f6nigsplatz - Rotes Tor - Messe (\u30a4\u30d9\u30f3\u30c8\u81e8\u6642\u4fbf)<\/p>\n<\/div><\/div><\/div>\n\n\n\n<h2 class=\"wp-block-heading\">\u55b6\u696d\u8eca\u4e21<\/h2>\n\n\n\n<div class=\"wp-block-columns has-background is-layout-flex wp-container-core-columns-is-layout-b6a795d6 wp-block-columns-is-layout-flex\" style=\"background-color:#f5f5f5;margin-top:var(--wp--preset--spacing--40);margin-bottom:var(--wp--preset--spacing--40);padding-top:var(--wp--preset--spacing--20);padding-right:var(--wp--preset--spacing--20);padding-bottom:var(--wp--preset--spacing--20);padding-left:var(--wp--preset--spacing--20)\">\n<div class=\"wp-block-column is-layout-flow wp-block-column-is-layout-flow\" style=\"flex-basis:33.33%\">\n<figure class=\"wp-block-image size-large\"><img loading=\"lazy\" decoding=\"async\" width=\"1024\" height=\"683\" src=\"https:\/\/nits-train.com\/nitspedia\/wp-content\/uploads\/sites\/6\/2026\/03\/GT6M-2-1024x683.jpg\" alt=\"\" class=\"wp-image-11124\" srcset=\"https:\/\/nits-train.com\/nitspedia\/wp-content\/uploads\/sites\/6\/2026\/03\/GT6M-2-1024x683.jpg 1024w, https:\/\/nits-train.com\/nitspedia\/wp-content\/uploads\/sites\/6\/2026\/03\/GT6M-2-300x200.jpg 300w, https:\/\/nits-train.com\/nitspedia\/wp-content\/uploads\/sites\/6\/2026\/03\/GT6M-2-768x512.jpg 768w, https:\/\/nits-train.com\/nitspedia\/wp-content\/uploads\/sites\/6\/2026\/03\/GT6M-2-1536x1024.jpg 1536w, https:\/\/nits-train.com\/nitspedia\/wp-content\/uploads\/sites\/6\/2026\/03\/GT6M-2-2048x1365.jpg 2048w\" sizes=\"auto, (max-width: 1024px) 100vw, 1024px\" \/><\/figure>\n<\/div>\n\n\n\n<div class=\"wp-block-column is-layout-flow wp-block-column-is-layout-flow\" style=\"flex-basis:66.66%\">\n<h3 class=\"wp-block-heading\">GT6M (Adtranz\/IFTEC)<\/h3>\n\n\n\n<h4 class=\"wp-block-heading\">\u8fd1\u65e5\u5f15\u9000\u4e88\u5b9a<\/h4>\n\n\n\n<p>6\u53f7\u7dda\u30e9\u30c3\u30b7\u30e5\u4fbf\u53ca\u30739\u53f7\u7dda\u306b\u3066\u904b\u884c\u3002<\/p>\n\n\n\n<p>1996\u5e74\u3088\u308a\u521d\u306e\u4f4e\u5e8a\u8eca\u4e21\u3068\u3057\u306612\u7de8\u6210\u5c0e\u5165\u3002\u4e00\u90e8\u7de8\u6210\u306b\u306f4\u4e21\u76ee\u3092\u7d44\u307f\u8fbc\u3080\u8a08\u753b\u304c\u3042\u3063\u305f\u304c\u3001\u5b9f\u73fe\u3059\u308b\u3053\u3068\u306a\u304f\u7d42\u308f\u3063\u305f\u3002\u65b0\u578b\u5c0e\u5165\u306b\u3088\u308a\u30b6\u30b0\u30ec\u30d6\u3078\u58f2\u5374\u30012023\u5e749\u6708\u73fe\u5728\u3067\u306f4\u7de8\u6210\u304c\u5728\u7c4d\u4e2d\u3002<br>\u203b\u8eca\u5eab\u5185\u64ae\u5f71\u30fb\u63b2\u8f09\u8a31\u53ef\u6e08\u307f<\/p>\n<\/div>\n<\/div>\n\n\n\n<div class=\"wp-block-columns has-background is-layout-flex wp-container-core-columns-is-layout-b6a795d6 wp-block-columns-is-layout-flex\" style=\"background-color:#f5f5f5;margin-top:var(--wp--preset--spacing--40);margin-bottom:var(--wp--preset--spacing--40);padding-top:var(--wp--preset--spacing--20);padding-right:var(--wp--preset--spacing--20);padding-bottom:var(--wp--preset--spacing--20);padding-left:var(--wp--preset--spacing--20)\">\n<div class=\"wp-block-column is-layout-flow wp-block-column-is-layout-flow\" style=\"flex-basis:33.33%\">\n<figure class=\"wp-block-image size-large\"><img loading=\"lazy\" decoding=\"async\" width=\"1024\" height=\"683\" src=\"https:\/\/nits-train.com\/nitspedia\/wp-content\/uploads\/sites\/6\/2026\/03\/Com-5-1024x683.jpg\" alt=\"\" class=\"wp-image-11123\" srcset=\"https:\/\/nits-train.com\/nitspedia\/wp-content\/uploads\/sites\/6\/2026\/03\/Com-5-1024x683.jpg 1024w, https:\/\/nits-train.com\/nitspedia\/wp-content\/uploads\/sites\/6\/2026\/03\/Com-5-300x200.jpg 300w, https:\/\/nits-train.com\/nitspedia\/wp-content\/uploads\/sites\/6\/2026\/03\/Com-5-768x512.jpg 768w, https:\/\/nits-train.com\/nitspedia\/wp-content\/uploads\/sites\/6\/2026\/03\/Com-5-1536x1024.jpg 1536w, https:\/\/nits-train.com\/nitspedia\/wp-content\/uploads\/sites\/6\/2026\/03\/Com-5-2048x1365.jpg 2048w\" sizes=\"auto, (max-width: 1024px) 100vw, 1024px\" \/><\/figure>\n<\/div>\n\n\n\n<div class=\"wp-block-column is-layout-flow wp-block-column-is-layout-flow\" style=\"flex-basis:66.66%\">\n<h3 class=\"wp-block-heading\">NF8 (Siemens Combino)<\/h3>\n\n\n\n<h4 class=\"wp-block-heading\">\u73fe\u5f79(\u5b9a\u671f\u904b\u7528)<\/h4>\n\n\n\n<p>42m\u306e\u9577\u3055\u3092\u8a87\u308b\u5f62\u5f0f\u30022000\u5e74\u3088\u308a\u5c0e\u5165\u3055\u308c41\u7de8\u6210\u304c\u5728\u7c4d\u3057\u3066\u304a\u308a\u3001\u5168\u3066\u306e\u8def\u7dda\u306b\u3066\u904b\u7528\u3055\u308c\u308b\u3002<\/p>\n<\/div>\n<\/div>\n\n\n\n<div class=\"wp-block-columns has-background is-layout-flex wp-container-core-columns-is-layout-b6a795d6 wp-block-columns-is-layout-flex\" style=\"background-color:#f5f5f5;margin-top:var(--wp--preset--spacing--40);margin-bottom:var(--wp--preset--spacing--40);padding-top:var(--wp--preset--spacing--20);padding-right:var(--wp--preset--spacing--20);padding-bottom:var(--wp--preset--spacing--20);padding-left:var(--wp--preset--spacing--20)\">\n<div class=\"wp-block-column is-layout-flow wp-block-column-is-layout-flow\" style=\"flex-basis:33.33%\">\n<figure class=\"wp-block-image size-large\"><img loading=\"lazy\" decoding=\"async\" width=\"1024\" height=\"683\" src=\"https:\/\/nits-train.com\/nitspedia\/wp-content\/uploads\/sites\/6\/2026\/03\/Flex-3-1024x683.jpg\" alt=\"\" class=\"wp-image-11126\" srcset=\"https:\/\/nits-train.com\/nitspedia\/wp-content\/uploads\/sites\/6\/2026\/03\/Flex-3-1024x683.jpg 1024w, https:\/\/nits-train.com\/nitspedia\/wp-content\/uploads\/sites\/6\/2026\/03\/Flex-3-300x200.jpg 300w, https:\/\/nits-train.com\/nitspedia\/wp-content\/uploads\/sites\/6\/2026\/03\/Flex-3-768x512.jpg 768w, https:\/\/nits-train.com\/nitspedia\/wp-content\/uploads\/sites\/6\/2026\/03\/Flex-3-1536x1024.jpg 1536w, https:\/\/nits-train.com\/nitspedia\/wp-content\/uploads\/sites\/6\/2026\/03\/Flex-3-2048x1365.jpg 2048w\" sizes=\"auto, (max-width: 1024px) 100vw, 1024px\" \/><\/figure>\n<\/div>\n\n\n\n<div class=\"wp-block-column is-layout-flow wp-block-column-is-layout-flow\" style=\"flex-basis:66.66%\">\n<h3 class=\"wp-block-heading\">CF8 (Bombardier Flexity Outlook)<\/h3>\n\n\n\n<h4 class=\"wp-block-heading\">\u73fe\u5f79(\u5b9a\u671f\u904b\u7528)<\/h4>\n\n\n\n<p>2009\u5e74\u3088\u308a\u5c0e\u5165\u3055\u308c27\u7de8\u6210\u304c\u5728\u7c4d\u3057\u3066\u304a\u308a\u3001\u5168\u3066\u306e\u8def\u7dda\u306b\u3066\u904b\u7528\u3055\u308c\u308b\u3002\u30a2\u30a6\u30b0\u30b9\u30d6\u30eb\u30b0\u5e02\u96fb\u5e02\u5834\u3067\u306f\u521d\u306e\u51b7\u623f\u4ed8\u304d\u8eca\u4e21\u3002<\/p>\n<\/div>\n<\/div>\n\n\n\n<div class=\"wp-block-columns has-background is-layout-flex wp-container-core-columns-is-layout-b6a795d6 wp-block-columns-is-layout-flex\" style=\"background-color:#f5f5f5;margin-top:var(--wp--preset--spacing--40);margin-bottom:var(--wp--preset--spacing--40);padding-top:var(--wp--preset--spacing--20);padding-right:var(--wp--preset--spacing--20);padding-bottom:var(--wp--preset--spacing--20);padding-left:var(--wp--preset--spacing--20)\">\n<div class=\"wp-block-column is-layout-flow wp-block-column-is-layout-flow\" style=\"flex-basis:33.33%\">\n<figure class=\"wp-block-image size-large\"><img loading=\"lazy\" decoding=\"async\" width=\"1024\" height=\"683\" src=\"https:\/\/nits-train.com\/nitspedia\/wp-content\/uploads\/sites\/6\/2026\/03\/Tramlink-1-1024x683.jpg\" alt=\"\" class=\"wp-image-11127\" srcset=\"https:\/\/nits-train.com\/nitspedia\/wp-content\/uploads\/sites\/6\/2026\/03\/Tramlink-1-1024x683.jpg 1024w, https:\/\/nits-train.com\/nitspedia\/wp-content\/uploads\/sites\/6\/2026\/03\/Tramlink-1-300x200.jpg 300w, https:\/\/nits-train.com\/nitspedia\/wp-content\/uploads\/sites\/6\/2026\/03\/Tramlink-1-768x512.jpg 768w, https:\/\/nits-train.com\/nitspedia\/wp-content\/uploads\/sites\/6\/2026\/03\/Tramlink-1-1536x1024.jpg 1536w, https:\/\/nits-train.com\/nitspedia\/wp-content\/uploads\/sites\/6\/2026\/03\/Tramlink-1-2048x1365.jpg 2048w\" sizes=\"auto, (max-width: 1024px) 100vw, 1024px\" \/><\/figure>\n<\/div>\n\n\n\n<div class=\"wp-block-column is-layout-flow wp-block-column-is-layout-flow\" style=\"flex-basis:66.66%\">\n<h3 class=\"wp-block-heading\">TL8 (Stadler Tramlink)<\/h3>\n\n\n\n<h4 class=\"wp-block-heading\">2026\u5e744\u670813\u65e5\u3088\u308a\u904b\u884c\u958b\u59cb\u4e88\u5b9a<\/h4>\n\n\n\n<p>GT6M\u578b\u3092\u7f6e\u304d\u63db\u3048\u308b\u76ee\u7684\u30672023\u5e74\u3088\u308a\u5c0e\u5165\u3055\u308c\u308b\u6700\u65b0\u578b\u8eca\u4e21\u3002\u8a0815\u7de8\u6210\u4e2d4\u7de8\u6210\u304c\u642c\u5165\u3055\u308c\u3066\u3044\u308b\u304c\u3001\u30d6\u30ec\u30fc\u30ad\u6027\u80fd\u3084\u96fb\u6c17\u7cfb\u7d71\u306e\u554f\u984c\u30672026\u5e744\u6708\u307e\u3067\u55b6\u696d\u8a8d\u53ef\u304c\u964d\u308a\u306a\u304b\u3063\u305f\u3002\u65b0\u305f\u306a\u308b\u6642\u4ee3\u306e\u5e55\u958b\u3051\u3092\u76ee\u6307\u3057\u3066\u30d9\u30fc\u30b9\u30ab\u30e9\u30fc\u3092\u767d\u304b\u3089\u30e9\u30a4\u30c8\u30b0\u30ec\u30fc\u306b\u5909\u66f4\u3057\u3066\u3044\u308b\u307b\u304b\u3001\u30e9\u30a4\u30f3\u30ab\u30e9\u30fc\u3068\u306a\u308b\u7dd1\u3068\u8d64\u3082\u65e2\u5b58\u8eca\u4e21\u3068\u82e5\u5e72\u7570\u306a\u308b\u3002<br>\u203b\u8eca\u5eab\u5185\u64ae\u5f71\u30fb\u63b2\u8f09\u8a31\u53ef\u6e08\u307f<\/p>\n<\/div>\n<\/div>\n\n\n\n<h2 class=\"wp-block-heading\">\u4fdd\u5b58\u8eca\u4e21<\/h2>\n\n\n\n<div class=\"wp-block-columns has-background is-layout-flex wp-container-core-columns-is-layout-b6a795d6 wp-block-columns-is-layout-flex\" style=\"background-color:#f5f5f5;margin-top:var(--wp--preset--spacing--40);margin-bottom:var(--wp--preset--spacing--40);padding-top:var(--wp--preset--spacing--20);padding-right:var(--wp--preset--spacing--20);padding-bottom:var(--wp--preset--spacing--20);padding-left:var(--wp--preset--spacing--20)\">\n<div class=\"wp-block-column is-layout-flow wp-block-column-is-layout-flow\" style=\"flex-basis:33.33%\">\n<figure class=\"wp-block-image size-large\"><img loading=\"lazy\" decoding=\"async\" width=\"1024\" height=\"683\" src=\"https:\/\/nits-train.com\/nitspedia\/wp-content\/uploads\/sites\/6\/2026\/03\/14-1-1024x683.jpg\" alt=\"\" class=\"wp-image-11128\" srcset=\"https:\/\/nits-train.com\/nitspedia\/wp-content\/uploads\/sites\/6\/2026\/03\/14-1-1024x683.jpg 1024w, https:\/\/nits-train.com\/nitspedia\/wp-content\/uploads\/sites\/6\/2026\/03\/14-1-300x200.jpg 300w, https:\/\/nits-train.com\/nitspedia\/wp-content\/uploads\/sites\/6\/2026\/03\/14-1-768x512.jpg 768w, https:\/\/nits-train.com\/nitspedia\/wp-content\/uploads\/sites\/6\/2026\/03\/14-1-1536x1024.jpg 1536w, https:\/\/nits-train.com\/nitspedia\/wp-content\/uploads\/sites\/6\/2026\/03\/14-1-2048x1365.jpg 2048w\" sizes=\"auto, (max-width: 1024px) 100vw, 1024px\" \/><\/figure>\n<\/div>\n\n\n\n<div class=\"wp-block-column is-layout-flow wp-block-column-is-layout-flow\" style=\"flex-basis:66.66%\">\n<h3 class=\"wp-block-heading\">T2 (MAN)<\/h3>\n\n\n\n<h4 class=\"wp-block-heading\">\u9759\u614b\u4fdd\u5b58<\/h4>\n\n\n\n<p>1898\u5e74\u88fd\u9020\u306e2\u8ef8\u8eca\u4e21\u3002<br>\u203b\u8eca\u5eab\u5185\u64ae\u5f71\u30fb\u63b2\u8f09\u8a31\u53ef\u6e08\u307f<\/p>\n<\/div>\n<\/div>\n\n\n\n<div class=\"wp-block-columns has-background is-layout-flex wp-container-core-columns-is-layout-b6a795d6 wp-block-columns-is-layout-flex\" style=\"background-color:#f5f5f5;margin-top:var(--wp--preset--spacing--40);margin-bottom:var(--wp--preset--spacing--40);padding-top:var(--wp--preset--spacing--20);padding-right:var(--wp--preset--spacing--20);padding-bottom:var(--wp--preset--spacing--20);padding-left:var(--wp--preset--spacing--20)\">\n<div class=\"wp-block-column is-layout-flow wp-block-column-is-layout-flow\" style=\"flex-basis:33.33%\">\n<figure class=\"wp-block-image size-large\"><img loading=\"lazy\" decoding=\"async\" width=\"1024\" height=\"683\" src=\"https:\/\/nits-train.com\/nitspedia\/wp-content\/uploads\/sites\/6\/2026\/03\/403-1-1024x683.jpg\" alt=\"\" class=\"wp-image-11129\" srcset=\"https:\/\/nits-train.com\/nitspedia\/wp-content\/uploads\/sites\/6\/2026\/03\/403-1-1024x683.jpg 1024w, https:\/\/nits-train.com\/nitspedia\/wp-content\/uploads\/sites\/6\/2026\/03\/403-1-300x200.jpg 300w, https:\/\/nits-train.com\/nitspedia\/wp-content\/uploads\/sites\/6\/2026\/03\/403-1-768x512.jpg 768w, https:\/\/nits-train.com\/nitspedia\/wp-content\/uploads\/sites\/6\/2026\/03\/403-1-1536x1024.jpg 1536w, https:\/\/nits-train.com\/nitspedia\/wp-content\/uploads\/sites\/6\/2026\/03\/403-1-2048x1365.jpg 2048w\" sizes=\"auto, (max-width: 1024px) 100vw, 1024px\" \/><\/figure>\n<\/div>\n\n\n\n<div class=\"wp-block-column is-layout-flow wp-block-column-is-layout-flow\" style=\"flex-basis:66.66%\">\n<h3 class=\"wp-block-heading\">GT4 (Talbot\/Rastatt)<\/h3>\n\n\n\n<h4 class=\"wp-block-heading\">\u9759\u614b\u4fdd\u5b58<\/h4>\n\n\n\n<p>1951\u5e74\u88fd\u9020\u306e4\u8ef8\u8eca\u4e21\u3002\u4fdd\u5b58\u4f1a\u306b\u3066\u9759\u614b\u4fdd\u5b58\u3002<\/p>\n<\/div>\n<\/div>\n\n\n\n<div class=\"wp-block-columns has-background is-layout-flex wp-container-core-columns-is-layout-b6a795d6 wp-block-columns-is-layout-flex\" style=\"background-color:#f5f5f5;margin-top:var(--wp--preset--spacing--40);margin-bottom:var(--wp--preset--spacing--40);padding-top:var(--wp--preset--spacing--20);padding-right:var(--wp--preset--spacing--20);padding-bottom:var(--wp--preset--spacing--20);padding-left:var(--wp--preset--spacing--20)\">\n<div class=\"wp-block-column is-layout-flow wp-block-column-is-layout-flow\" style=\"flex-basis:33.33%\">\n<figure class=\"wp-block-image size-large\"><img loading=\"lazy\" decoding=\"async\" width=\"1024\" height=\"683\" src=\"https:\/\/nits-train.com\/nitspedia\/wp-content\/uploads\/sites\/6\/2026\/03\/T4-1-1024x683.jpg\" alt=\"\" class=\"wp-image-11130\" srcset=\"https:\/\/nits-train.com\/nitspedia\/wp-content\/uploads\/sites\/6\/2026\/03\/T4-1-1024x683.jpg 1024w, https:\/\/nits-train.com\/nitspedia\/wp-content\/uploads\/sites\/6\/2026\/03\/T4-1-300x200.jpg 300w, https:\/\/nits-train.com\/nitspedia\/wp-content\/uploads\/sites\/6\/2026\/03\/T4-1-768x512.jpg 768w, https:\/\/nits-train.com\/nitspedia\/wp-content\/uploads\/sites\/6\/2026\/03\/T4-1-1536x1024.jpg 1536w, https:\/\/nits-train.com\/nitspedia\/wp-content\/uploads\/sites\/6\/2026\/03\/T4-1-2048x1365.jpg 2048w\" sizes=\"auto, (max-width: 1024px) 100vw, 1024px\" \/><\/figure>\n<\/div>\n\n\n\n<div class=\"wp-block-column is-layout-flow wp-block-column-is-layout-flow\" style=\"flex-basis:66.66%\">\n<h3 class=\"wp-block-heading\">T3 (MAN\/MGB)<\/h3>\n\n\n\n<h4 class=\"wp-block-heading\">\u52d5\u614b\u4fdd\u5b58\u5411\u3051\u4fee\u7406\u4e2d<\/h4>\n\n\n\n<p>1956\u5e74\u88fd\u306e3\u8ef8\u8eca\u4e21\u3002\u5f8c\u8ff0\u306e5\u8ef8\u8eca\u4e21GT5\u304b\u3089\u6539\u9020\u3057\u3066\u4f5c\u3089\u308c\u305f\u3082\u306e\u3002\u4fdd\u5b58\u4f1a\u306b\u3066\u9759\u614b\u4fdd\u5b58\u3055\u308c\u3066\u3044\u308b\u304c\u3001\u52d5\u614b\u4fdd\u5b58\u5fa9\u6d3b\u306b\u5411\u3051\u3066\u6574\u5099\u4e2d\u3002<\/p>\n<\/div>\n<\/div>\n\n\n\n<div class=\"wp-block-columns has-background is-layout-flex wp-container-core-columns-is-layout-b6a795d6 wp-block-columns-is-layout-flex\" style=\"background-color:#f5f5f5;margin-top:var(--wp--preset--spacing--40);margin-bottom:var(--wp--preset--spacing--40);padding-top:var(--wp--preset--spacing--20);padding-right:var(--wp--preset--spacing--20);padding-bottom:var(--wp--preset--spacing--20);padding-left:var(--wp--preset--spacing--20)\">\n<div class=\"wp-block-column is-layout-flow wp-block-column-is-layout-flow\" style=\"flex-basis:33.33%\">\n<figure class=\"wp-block-image size-large\"><img loading=\"lazy\" decoding=\"async\" width=\"1024\" height=\"683\" src=\"https:\/\/nits-train.com\/nitspedia\/wp-content\/uploads\/sites\/6\/2026\/03\/GT5-1-1024x683.jpg\" alt=\"\" class=\"wp-image-11131\" srcset=\"https:\/\/nits-train.com\/nitspedia\/wp-content\/uploads\/sites\/6\/2026\/03\/GT5-1-1024x683.jpg 1024w, https:\/\/nits-train.com\/nitspedia\/wp-content\/uploads\/sites\/6\/2026\/03\/GT5-1-300x200.jpg 300w, https:\/\/nits-train.com\/nitspedia\/wp-content\/uploads\/sites\/6\/2026\/03\/GT5-1-768x512.jpg 768w, https:\/\/nits-train.com\/nitspedia\/wp-content\/uploads\/sites\/6\/2026\/03\/GT5-1-1536x1024.jpg 1536w, https:\/\/nits-train.com\/nitspedia\/wp-content\/uploads\/sites\/6\/2026\/03\/GT5-1-2048x1365.jpg 2048w\" sizes=\"auto, (max-width: 1024px) 100vw, 1024px\" \/><\/figure>\n<\/div>\n\n\n\n<div class=\"wp-block-column is-layout-flow wp-block-column-is-layout-flow\" style=\"flex-basis:66.66%\">\n<h3 class=\"wp-block-heading\">GT5 (MAN)<\/h3>\n\n\n\n<h4 class=\"wp-block-heading\">\u9759\u614b\u4fdd\u5b58<\/h4>\n\n\n\n<p>1968\u5e74\u88fd\u9020\u306e5\u8ef8\u8eca\u4e21\u3002\u4e16\u754c\u7684\u306b\u898b\u3066\u30825\u8ef8\u306e\u9023\u63a5\u8eca\u4e21\u306f\u30a2\u30a6\u30b0\u30b9\u30d6\u30eb\u30b0\u3068\u7389\u96fb\u306e\u307f\u3002\u4e00\u90e8\u7de8\u6210\u306f\u65b0\u9020\u3060\u304c\u3001\u3082\u306e\u306b\u3088\u3063\u3066\u306f\u65e7\u578b\u8eca\u4e21\u3092\u5bc4\u305b\u96c6\u3081\u3066\u6539\u9020\u3057\u305f\u3082\u306e\u3002\u4fdd\u5b58\u4f1a\u306b\u3066\u9759\u614b\u4fdd\u5b58\u3002<\/p>\n<\/div>\n<\/div>\n\n\n\n<div class=\"wp-block-columns has-background is-layout-flex wp-container-core-columns-is-layout-b6a795d6 wp-block-columns-is-layout-flex\" style=\"background-color:#f5f5f5;margin-top:var(--wp--preset--spacing--40);margin-bottom:var(--wp--preset--spacing--40);padding-top:var(--wp--preset--spacing--20);padding-right:var(--wp--preset--spacing--20);padding-bottom:var(--wp--preset--spacing--20);padding-left:var(--wp--preset--spacing--20)\">\n<div class=\"wp-block-column is-layout-flow wp-block-column-is-layout-flow\" style=\"flex-basis:33.33%\">\n<figure class=\"wp-block-image size-large\"><img loading=\"lazy\" decoding=\"async\" width=\"1024\" height=\"683\" src=\"https:\/\/nits-train.com\/nitspedia\/wp-content\/uploads\/sites\/6\/2026\/03\/M8-1-1024x683.jpg\" alt=\"\" class=\"wp-image-11132\" srcset=\"https:\/\/nits-train.com\/nitspedia\/wp-content\/uploads\/sites\/6\/2026\/03\/M8-1-1024x683.jpg 1024w, https:\/\/nits-train.com\/nitspedia\/wp-content\/uploads\/sites\/6\/2026\/03\/M8-1-300x200.jpg 300w, https:\/\/nits-train.com\/nitspedia\/wp-content\/uploads\/sites\/6\/2026\/03\/M8-1-768x512.jpg 768w, https:\/\/nits-train.com\/nitspedia\/wp-content\/uploads\/sites\/6\/2026\/03\/M8-1-1536x1024.jpg 1536w, https:\/\/nits-train.com\/nitspedia\/wp-content\/uploads\/sites\/6\/2026\/03\/M8-1-2048x1365.jpg 2048w\" sizes=\"auto, (max-width: 1024px) 100vw, 1024px\" \/><\/figure>\n<\/div>\n\n\n\n<div class=\"wp-block-column is-layout-flow wp-block-column-is-layout-flow\" style=\"flex-basis:66.66%\">\n<h3 class=\"wp-block-heading\">M8C (MAN\/DUEWAG)<\/h3>\n\n\n\n<h4 class=\"wp-block-heading\">\u52d5\u614b\u4fdd\u5b58<\/h4>\n\n\n\n<p>1985\u5e74\u88fd\u306e\u8eca\u4e21\u300212\u7de8\u6210\u304c\u5728\u7c4d\u3057\u305f\u304c\u3001\u4e00\u90e8\u304c\u30dd\u30fc\u30e9\u30f3\u30c9\u306e\u30a8\u30eb\u30d6\u30ed\u30f3\u30af\u306b\u58f2\u5374\u30012\u7de8\u6210\u306f\u30c9\u30a4\u30c4\u56fd\u5185\u306e\u30c0\u30eb\u30e0\u30b7\u30e5\u30bf\u30c3\u30c9\u306b\u4e8b\u696d\u7528\u8eca\u3068\u3057\u3066\u79fb\u7c4d\u3002\u6b8b\u308b8006\u53f7\u7de8\u6210\u306f\u4eca\u5f8c\u306f\u30d1\u30fc\u30c6\u30a3\u30fc\u7528\u3068\u3057\u3066\u4f7f\u7528\u3055\u308c\u308b\u4e88\u5b9a\u3002<br>\u203b\u8eca\u5eab\u5185\u64ae\u5f71\u30fb\u63b2\u8f09\u8a31\u53ef\u6e08\u307f<\/p>\n<\/div>\n<\/div>\n\n\n\n<div class=\"wp-block-columns has-background is-layout-flex wp-container-core-columns-is-layout-b6a795d6 wp-block-columns-is-layout-flex\" style=\"background-color:#f5f5f5;margin-top:var(--wp--preset--spacing--40);margin-bottom:var(--wp--preset--spacing--40);padding-top:var(--wp--preset--spacing--20);padding-right:var(--wp--preset--spacing--20);padding-bottom:var(--wp--preset--spacing--20);padding-left:var(--wp--preset--spacing--20)\">\n<div class=\"wp-block-column is-layout-flow wp-block-column-is-layout-flow\" style=\"flex-basis:33.33%\">\n<figure class=\"wp-block-image size-large\"><img loading=\"lazy\" decoding=\"async\" width=\"1024\" height=\"546\" src=\"https:\/\/nits-train.com\/nitspedia\/wp-content\/uploads\/sites\/6\/2026\/03\/cs-1024x546.jpg\" alt=\"\" class=\"wp-image-10951\" srcset=\"https:\/\/nits-train.com\/nitspedia\/wp-content\/uploads\/sites\/6\/2026\/03\/cs-1024x546.jpg 1024w, https:\/\/nits-train.com\/nitspedia\/wp-content\/uploads\/sites\/6\/2026\/03\/cs-300x160.jpg 300w, https:\/\/nits-train.com\/nitspedia\/wp-content\/uploads\/sites\/6\/2026\/03\/cs-768x410.jpg 768w, https:\/\/nits-train.com\/nitspedia\/wp-content\/uploads\/sites\/6\/2026\/03\/cs.jpg 1500w\" sizes=\"auto, (max-width: 1024px) 100vw, 1024px\" \/><\/figure>\n<\/div>\n\n\n\n<div class=\"wp-block-column is-layout-flow wp-block-column-is-layout-flow\" style=\"flex-basis:66.66%\">\n<h3 class=\"wp-block-heading\">\u305d\u306e\u4ed6\u4fdd\u5b58\u8eca\u4e21<\/h3>\n\n\n\n<h4 class=\"wp-block-heading\">\u52d5\u614b\u4fdd\u5b58\u30fb\u9759\u614b\u4fdd\u5b58<\/h4>\n\n\n\n<p><\/p>\n<\/div>\n<\/div>\n","protected":false},"excerpt":{"rendered":"<p>Augsburg \u30a2\u30a6\u30b0\u30b9\u30d6\u30eb\u30b0\u5e02\u96fb \u958b\u696d:\u3000 1881\u5e745\u6708\u7dcf\u8ddd\u96e2: 49,8km\u8ecc\u9593:\u3000 1000mm\u8def\u7dda\u6570: 7 \u4e57\u964d:\u3000 \u30c9\u30a2\u306f\u30dc\u30bf\u30f3\u5f0f\u3002\u964d\u8eca\u30dc\u30bf\u30f3\u3042\u308a\u3002\u964d\u8eca\u8981\u671b\u306e\u7121\u3044\u505c\u7559\u6240\u306f\u901a\u904e\u3002\u4e57\u8eca\u5238: \u505c\u7559\u6240\u306b\u5238\u58f2\u6a5f\u3042\u308a\u3002 [&hellip;]<\/p>\n","protected":false},"author":2,"featured_media":11123,"parent":902,"menu_order":0,"comment_status":"closed","ping_status":"closed","template":"","meta":{"vkexunit_cta_each_option":"","footnotes":""},"class_list":["post-10547","page","type-page","status-publish","has-post-thumbnail","hentry"],"aioseo_notices":[],"_links":{"self":[{"href":"https:\/\/nits-train.com\/nitspedia\/wp-json\/wp\/v2\/pages\/10547","targetHints":{"allow":["GET"]}}],"collection":[{"href":"https:\/\/nits-train.com\/nitspedia\/wp-json\/wp\/v2\/pages"}],"about":[{"href":"https:\/\/nits-train.com\/nitspedia\/wp-json\/wp\/v2\/types\/page"}],"author":[{"embeddable":true,"href":"https:\/\/nits-train.com\/nitspedia\/wp-json\/wp\/v2\/users\/2"}],"replies":[{"embeddable":true,"href":"https:\/\/nits-train.com\/nitspedia\/wp-json\/wp\/v2\/comments?post=10547"}],"version-history":[{"count":4,"href":"https:\/\/nits-train.com\/nitspedia\/wp-json\/wp\/v2\/pages\/10547\/revisions"}],"predecessor-version":[{"id":11942,"href":"https:\/\/nits-train.com\/nitspedia\/wp-json\/wp\/v2\/pages\/10547\/revisions\/11942"}],"up":[{"embeddable":true,"href":"https:\/\/nits-train.com\/nitspedia\/wp-json\/wp\/v2\/pages\/902"}],"wp:featuredmedia":[{"embeddable":true,"href":"https:\/\/nits-train.com\/nitspedia\/wp-json\/wp\/v2\/media\/11123"}],"wp:attachment":[{"href":"https:\/\/nits-train.com\/nitspedia\/wp-json\/wp\/v2\/media?parent=10547"}],"curies":[{"name":"wp","href":"https:\/\/api.w.org\/{rel}","templated":true}]}}